housands digit of 33248?
3
What is the hundreds digit of 7978?
9
What is the tens digit of 1041?
4
What is the hundred thousands digit of 199301?
1
What is the ten thousands digit of 64338?
6
What is the thousands digit of 10312?
0
What is the hundreds digit of 713?
7
What is the ten thousands digit of 30916?
3
What is the thousands digit of 10322?
0
What is the hundreds digit of 13900?
9
What is the ten thousands digit of 20538?
2
What is the hundreds digit of 396?
3
What is the thousands digit of 78684?
8
What is the hundreds digit of 8957?
9
What is the thousands digit of 6683?
6
What is the thousands digit of 11301?
1
What is the thousands digit of 24448?
4
What is the tens digit of 5227?
2
What is the tens digit of 31203?
0
What is the thousands digit of 77425?
7
What is the ten thousands digit of 42247?
4
What is the units digit of 27?
7
What is the tens digit of 171?
7
What is the tens digit of 112?
1
What is the hundreds digit of 81651?
6
What is the hundreds digit of 31982?
9
What is the units digit of 793?
3
What is the tens digit of 16165?
6
What is the thousands digit of 1390?
1
What is the hundreds digit of 3472?
4
What is the tens digit of 398?
9
What is the units digit of 4990?
0
What is the units digit of 1464?
4
What is the ten thousands digit of 42437?
4
What is the tens digit of 92677?
7
What is the units digit of 185?
5
What is the hundreds digit of 16750?
7
What is the hundreds digit of 1350?
3
What is the thousands digit of 81985?
1
What is the hundreds digit of 268?
2
What is the hundreds digit of 28497?
4
What is the tens digit of 361?
6
What is the tens digit of 5897?
9
What is the tens digit of 1054?
5
What is the hundreds digit of 2862?
8
What is the thousands digit of 9233?
9
What is the hundreds digit of 88968?
9
What is the thousands digit of 12386?
2
What is the units digit of 90362?
2
What is the units digit of 482?
2
What is the thousands digit of 64173?
4
What is the tens digit of 676?
7
What is the tens digit of 416?
1
What is the units digit of 9181?
1
What is the thousands digit of 1708?
1
What is the ten thousands digit of 16164?
1
What is the tens digit of 16416?
1
What is the units digit of 30044?
4
What is the tens digit of 22698?
9
What is the units digit of 7526?
6
What is the thousands digit of 5533?
5
What is the ten thousands digit of 22188?
2
What is the tens digit of 351?
5
What is the hundreds digit of 1115?
1
What is the ten thousands digit of 23533?
2
What is the tens digit of 9139?
3
What is the thousands digit of 1355?
1
What is the units digit of 1402?
2
What is the tens digit of 572?
7
What is the hundreds digit of 30144?
1
What is the thousands digit of 5987?
5
What is the tens digit of 258?
5
What is the hundreds digit of 9805?
8
What is the ten thousands digit of 36146?
3
What is the ten thousands digit of 11294?
1
What is the thousands digit of 4300?
4
What is the thousands digit of 2173?
2
What is the tens digit of 62589?
8
What is the tens digit of 23216?
1
What is the units digit of 156?
6
What is the thousands digit of 8821?
8
What is the ten thousands digit of 31307?
3
What is the tens digit of 1281?
8
What is the thousands digit of 1851?
1
What is the units digit of 1456?
6
What is the hundreds digit of 890?
8
What is the tens digit of 56760?
6
What is the units digit of 1785?
5
What is the tens digit of 807?
0
What is the tens digit of 25261?
6
What is the thousands digit of 3084?
3
What is the tens digit of 11156?
5
What is the tens digit of 1693?
9
What is the hundreds digit of 13767?
7
What is the hundreds digit of 39198?
1
What is the ten thousands digit of 45159?
4
What is the units digit of 229?
9
What is the hundreds digit of 34207?
2
What is the tens digit of 207?
0
What is the tens digit of 800?
0
What is the ten thousands digit of 10795?
1
What is the hundreds digit of 824?
8
What is the hundreds digit of 7105?
1
What is the thousands digit of 22417?
2
What is the thousands digit of 28458?
8
What is the units digit of 11181?
1
What is the units digit of 4013?
3
What is the ten thousands digit of 25802?
2
What is the units digit of 6223?
3
What is the hundreds digit of 3986?
9
What is the units digit of 24261?
1
What is the units digit of 35880?
0
What is the ten thousands digit of 64900?
6
What is the ten thousands digit of 98298?
9
What is the hundreds digit of 98128?
1
What is the units digit of 1086?
6
What is the thousands digit of 13885?
3
What is the tens digit of 140465?
6
What is the hundreds digit of 1719?
7
What is the thousands digit of 4201?
4
What is the tens digit of 68344?
4
What is the units digit of 31571?
1
What is the tens digit of 3657?
5
What is the tens digit of 20524?
2
What is the units digit of 6141?
1
What is the ten thousands digit of 76251?
7
What is the units digit of 164046?
6
What is the thousands digit of 61703?
1
What is the tens digit of 14453?
5
What is the thousands digit of 16649?
6
What is the tens digit of 977?
7
What is the units digit of 77869?
9
What is the hundreds digit of 3925?
9
What is the tens digit of 632?
3
What is the hundreds digit of 6348?
3
What is the hundreds digit of 50142?
1
What is the tens digit of 21635?
3
What is the tens digit of 4302?
0
What is the thousands digit of 158226?
8
What is the thousands digit of 2101?
2
What is the tens digit of 405?
0
What is the units digit of 3188?
8
What is the ten thousands digit of 118088?
1
What is the tens digit of 91847?
4
What is the thousands digit of 9309?
9
What is the units digit of 5810?
0
What is the hundreds digit of 1054?
0
What is the hundreds digit of 10718?
7
What is the units digit of 4619?
9
What is the hundreds digit of 357?
3
What is the hundreds digit of 341?
3
What is the thousands digit of 43898?
3
What is the hundreds digit of 18176?
1
What is the units digit of 59189?
9
What is the ten thousands digit of 50950?
5
What is the ten thousands digit of 18467?
1
What is the tens digit of 1720?
2
What is the units digit of 10291?
1
What is the hundreds digit of 1929?
9
What is the hundreds digit of 2068?
0
What is the units digit of 1096?
6
What is the tens digit of 5723?
2
What is the hundreds digit of 969?
9
What is the tens digit of 31489?
8
What is the tens digit of 4923?
2
What is the thousands digit of 11980?
1
What is the ten thousands digit of 11136?
1
What is the units digit of 311?
1
What is the tens digit of 5703?
0
What is the hundreds digit of 6584?
5
What is the tens digit of 46357?
5
What is the units digit of 387?
7
What is the tens digit of 915?
1
What is the tens digit of 257?
5
What is the thousands digit of 55418?
5
What is the units digit of 432?
2
What is the thousands digit of 19263?
9
What is the ten thousands digit of 15218?
1
What is the units digit of 60670?
0
What is the thousands digit of 8387?
8
What is the units digit of 4906?
6
What is the units digit of 98738?
8
What is the tens digit of 1638?
3
What is the units digit of 64540?
0
What is the tens digit of 976?
7
What is the tens digit of 64?
6
What is the thousands digit of 23517?
3
What is the units digit of 35944?
4
What is the thousands digit of 4113?
4
What is the hundreds digit of 1771?
7
What is the thousands digit of 6556?
6
What is the ten thousands digit of 42626?
4
What is the hundreds digit of 31351?
3
What is the hundreds digit of 926?
9
What is the tens digit of 1603?
0
What is the tens digit of 4183?
8
What is the units digit of 800?
0
What is the hundreds digit of 2254?
2
What is the units digit of 6966?
6
What is the units digit of 1523?
3
What is the thousands digit of 1258?
1
What is the tens digit of 1162?
6
What is the tens digit of 35753?
5
What is the hundreds digit of 728?
7
What is the hundreds digit of 3675?
6
What is the hundreds digit of 2011?
0
What is the tens digit of 1171?
7
What is the hundreds digit of 44748?
7
What is the tens digit of 703?
0
What is the tens digit of 2304?
0
What is the units digit of 748?
8
What is the units digit of 37328?
8
What is the tens digit of 469?
6
What is the hundreds digit of 190?
1
What is the units digit of 97840?
0
What is the units digit of 7095?
5
What is the hundreds digit of 7563?
5
What is the units digit of 22310?
0
What is the tens digit of 4635?
3
What is the hundreds digit of 924?
9
What is 